) to base 15.
90
Convert 5 (base 6) to base 10.
5
-2e (base 16) to base 12
-3a
Convert -119 (base 11) to base 6.
-353
Convert 15 (base 13) to base 15.
13
211 (base 3) to base 15
17
-1 (base 2) to base 14
-1
Convert 222 (base 4) to base 14.
30
What is 10 (base 3) in base 4?
3
Convert -32 (base 4) to base 12.
-12
7 (base 11) to base 10
7
What is -20 (base 15) in base 6?
-50
Convert -131 (base 12) to base 6.
-501
Convert -6 (base 11) to base 12.
-6
Convert 1 (base 11) to base 12.
1
What is -26 (base 16) in base 3?
-1102
Convert 0 (base 5) to base 14.
0
175 (base 9) to base 16
95
-6 (base 7) to base 2
-110
4 (base 14) to base 7
4
What is 10000001 (base 2) in base 13?
9c
What is -122 (base 3) in base 10?
-17
54 (base 11) to base 4
323
Convert 5 (base 13) to base 5.
10
What is 3 (base 16) in base 7?
3
Convert 29 (base 11) to base 12.
27
3 (base 7) to base 10
3
What is 42 (base 6) in base 2?
11010
Convert 414 (base 6) to base 11.
130
Convert 1d (base 16) to base 2.
11101
Convert -1 (base 15) to base 4.
-1
32 (base 5) to base 2
10001
Convert 0 (base 16) to base 7.
0
Convert -4 (base 15) to base 3.
-11
0 (base 6) to base 11
0
Convert -2 (base 9) to base 7.
-2
Convert -112 (base 6) to base 7.
-62
-3 (base 8) to base 10
-3
21 (base 15) to base 2
11111
What is -108 (base 10) in base 12?
-90
9 (base 11) to base 16
9
3 (base 8) to base 15
3
Convert 0 (base 11) to base 14.
0
94 (base 12) to base 9
134
What is 4 (base 10) in base 9?
4
What is -122 (base 3) in base 13?
-14
-20 (base 7) to base 16
-e
-101 (base 2) to base 4
-11
Convert 73 (base 11) to base 5.
310
What is -4 (base 10) in base 8?
-4
-11 (base 4) to base 15
-5
Convert 32 (base 11) to base 9.
38
-17 (base 16) to base 5
-43
-82 (base 9) to base 6
-202
Convert -1010 (base 3) to base 15.
-20
What is -36 (base 12) in base 4?
-222
What is 46 (base 7) in base 2?
100010
Convert -6 (base 10) to base 6.
-10
Convert -5 (base 6) to base 3.
-12
What is -100 (base 7) in base 15?
-34
11 (base 6) to base 10
7
What is -3 (base 15) in base 11?
-3
What is -101 (base 2) in base 11?
-5
Convert 22 (base 3) to base 9.
8
-4 (base 11) to base 6
-4
Convert -322 (base 5) to base 14.
-63
17 (base 16) to base 14
19
535 (base 6) to base 5
1303
Convert 0 (base 16) to base 8.
0
What is 9 (base 13) in base 5?
14
What is 1001 (base 2) in base 15?
9
What is 0 (base 11) in base 3?
0
Convert 4 (base 8) to base 7.
4
Convert 14 (base 7) to base 15.
b
Convert 241 (base 5) to base 7.
131
What is 98 (base 15) in base 14?
a3
What is 0 (base 13) in base 4?
0
Convert -17 (base 11) to base 3.
-200
-15 (base 16) to base 4
-111
Convert -4d (base 16) to base 8.
-115
Convert -67 (base 10) to base 16.
-43
What is -2 (base 14) in base 12?
-2
Convert 110 (base 3) to base 10.
12
111101 (base 2) to base 4
331
What is -9 (base 15) in base 12?
-9
What is -4 (base 15) in base 9?
-4
What is 1 (base 14) in base 5?
1
What is 0 (base 16) in base 11?
0
Convert -18 (base 9) to base 15.
-12
What is 17 (base 9) in base 6?
24
What is 10 (base 2) in base 16?
2
-140 (base 5) to base 16
-2d
What is 1a (base 13) in base 12?
1b
Convert 2 (base 15) to base 12.
2
What is 121 (base 8) in base 3?
10000
-40 (base 6) to base 15
-19
Convert 10 (base 4) to base 11.
4
Convert 1121 (base 3) to base 5.
133
-5 (base 10) to base 3
-12
Convert 9 (base 16) to base 6.
13
What is -63 (base 7) in base 9?
-50
What is -4 (base 16) in base 12?
-4
-6 (base 8) to base 3
-20
What is -15 (base 11) in base 2?
-10000
What is 1 (base 5) in base 4?
1
What is -5 (base 12) in base 9?
-5
10a (base 13) to base 4
2303
-350 (base 6) to base 5
-1023
-11 (base 2) to base 9
-3
0 (base 2) to base 6
0
What is -19 (base 13) in base 6?
-34
Convert -2 (base 14) to base 13.
-2
Convert -1 (base 13) to base 2.
-1
-4 (base 10) to base 2
-100
What is 2 (base 4) in base 7?
2
Convert -87 (base 15) to base 11.
-106
What is 11 (base 16) in base 3?
122
Convert b (base 15) to base 9.
12
100100 (base 2) to base 5
121
Convert -a0 (base 11) to base 9.
-132
What is 111111 (base 2) in base 11?
58
What is -3 (base 12) in base 16?
-3
What is -246 (base 7) in base 15?
-8c
What is 1 (base 16) in base 10?
1
What is -123 (base 8) in base 12?
-6b
What is -101 (base 9) in base 13?
-64
d3 (base 15) to base 8
306
-1110 (base 2) to base 10
-14
40 (base 7) to base 14
20
Convert -3 (base 11) to base 8.
-3
What is 2 (base 6) in base 14?
2
Convert -2 (base 8) to base 16.
-2
-110010 (base 2) to base 16
-32
What is 2 (base 15) in base 13?
2
-25 (base 9) to base 8
-27
What is 0 (base 16) in base 5?
0
-2 (base 9) to base 12
-2
3 (base 14) to base 5
3
-21 (base 4) to base 9
-10
What is -2a (base 11) in base 13?
-26
2 (base 16) to base 9
2
Convert -221 (base 5) to base 15.
-41
1212 (base 5) to base 12
132
-24 (base 8) to base 3
-202
Convert -112 (base 4) to base 6.
-34
116 (base 8) to base 14
58
Convert -17 (base 11) to base 14.
-14
1 (base 7) to base 15
1
What is -3a (base 14) in base 10?
-52
302 (base 6) to base 8
156
-111 (base 3) to base 15
-d
Convert 142 (base 13) to base 10.
223
Convert 0 (base 10) to base 9.
0
What is 11 (base 16) in base 13?
14
What is 2 (base 14) in base 10?
2
2 (base 6) to base 12
2
What is -38 (base 13) in base 16?
-2f
What is 124 (base 7) in base 14?
4b
What is -1 (base 14) in base 13?
-1
Convert e4 (base 16) to base 5.
1403
What is -b (base 13) in base 7?
-14
Convert -37 (base 14) to base 5.
-144
What is 3 (base 12) in base 8?
3
-12 (base 6) to base 5
-13
What is -1110111 (base 2) in base 16?
-77
What is -13 (base 11) in base 13?
-11
What is 0 (base 7) in base 15?
0
-24 (base 6) to base 14
-12
Convert -1 (base 6) to base 5.
-1
What is -13 (base 11) in base 10?
-14
Convert 1 (base 4) to base 15.
1
-5a (base 12) to base 15
-4a
What is 1 (base 13) in base 6?
1
Convert -1 (base 16) to base 5.
-1
101 (base 2) to base 15
5
14 (base 15) to base 3
201
-3 (base 8) to base 14
-3
16 (base 7) to base 3
111
Convert 51 (base 14) to base 7.
131
What is 25 (base 7) in base 14?
15
What is 13 (base 9) in base 2?
1100
Convert -100011 (base 2) to base 14.
-27
Convert 212 (base 8) to base 6.
350
Convert -8 (base 10) to base 7.
-11
-a8 (base 11) to base 16
-76
Convert 13 (base 6) to base 11.
9
Convert 25 (base 10) to base 5.
100
-65 (base 15) to base 11
-87
41 (base 5) to base 12
19
-3 (base 8) to base 5
-3
Convert 37 (base 8) to base 7.
43
Convert 5 (base 16) to base 2.
101
What is -2 (base 12) in base 16?
-2
-38 (base 12) to base 11
-40
-3 (base 14) to base 8
-3
What is -4 (base 15) in base 11?
-4
Convert -32 (base 16) to base 4.
-302
33 (base 5) to base 9
20
-e (base 16) to base 7
-20
3 (base 5) to base 15
3
Convert -423 (base 8) to base 3.
-101012
What is 47 (base 8) in base 2?
100111
What is -30 (base 4) in base 11?
-11
3 (base 6) to base 7
3
-11 (base 2) to base 6
-3
What is -40 (base 6) in base 14?
-1a
Convert 12 (base 9) to base 2.
1011
What is -10 (base 2) in base 12?
-2
-32 (base 10) to base 6
-52
Convert 1011 (base 2) to base 14.
b
Convert -4 (base 11) to base 5.
-4
-1 (base 14) to base 3
-1
What is 0 (base 5) in base 16?
0
What is 3 (base 4) in base 7?
3
Convert 9 (base 15) to base 4.
21
What is -2d (base 14) in base 8?
-51
What is 103 (base 5) in base 11?
26
6 (base 14) to base 4
12
What is -11 (base 8) in base 15?
-9
10 (base 2) to base 6
2
What is -5a (base 11) in base 9?
-72
Convert 105 (base 7) to base 5.
204
What is 2 (base 6) in base 8?
2
0 (base 16) to base 6
0
What is 203 (base 6) in base 3?
2210
Convert 1011 (base 5) to base 16.
83
21 (base 14) to base 13
23
-1000 (base 4) to base 16
-40
What is 110 (base 2) in base 12?
6
What is 6a (base 12) in base 3?
10001
What is -7 (base 14) in base 8?
-7
Convert 21 (base 5) to base 13.
b
20 (base 4) to base 10
8
What is 3 (base 15) in base 10?
3
Convert -1 (base 7) to base 10.
-1
Convert -94 (base 13) to base 5.
-441
Convert -2 (base 7) to base 15.
-2
12 (base 11) to base 3
111
Convert 50 (base 16) to base 7.
143
-9 (base 14) to base 9
-10
Convert -41 (base 12) to base 13.
-3a
324 (base 5) to base 14
65
What is -32 (base 10) in base 9?
-35
Convert 28 (base 10) to base 5.
103
What is 5a (base 12) in base 16?
46
Convert 2 (base 11) to base 10.
2
3 (base 14) to base 11
3
What is 7 (base 12) in base 13?
7
What is 17 (base 10) in base 6?
25
What is -120 (base 5) in base 4?
-203